t is the greatest common factor of 30 and r?
6
Let r(n) = 0*n - 4 + n + 0*n + n**2. Let b be r(-3). Suppose 6*x - x + t - 26 = 0, -3*x = 5*t + b. Calculate the greatest common divisor of 2 and x.
2
Suppose 0 = -n + 2*n + 2*m - 5, 2*n + 3*m - 13 = 0. Suppose 0 = n*k - 6*k - 50. Calculate the greatest common factor of k and 50.
10
Let y = -1 - -3. Let x be 6/3 - (-16)/y. Suppose -388 = -3*i - 148. Calculate the highest common divisor of x and i.
10
Suppose -5*h + 40 - 10 = 0. Calculate the greatest common divisor of 12 and h.
6
Let p(m) = -m**3 + 2*m**2 - 6*m - 3. Let g be p(-4). Calculate the highest common divisor of 13 and g.
13
Let q be 67*-1*32/(-8). Suppose -2*g + 885 = -7*g. Let v = q + g. Calculate the greatest common divisor of 13 and v.
13
Suppose 0 = -4*h - 5 - 15. Let d = h - -9. Calculate the greatest common divisor of d and 1.
1
Suppose 5 + 10 = 5*i. Suppose -i*y + 8*w + 26 = 3*w, 2*w = -3*y + 19. Calculate the highest common divisor of y and 14.
7
Suppose -6*p = -8*p + 30. Calculate the greatest common factor of 15 and p.
15
Let t(g) = 2*g**2 - 2*g - 1. Let q be t(-3). Let j = q + -12. Let a(u) = -7*u - 15. Let s be a(-10). Calculate the highest common factor of s and j.
11
Suppose -2*k + k - 21 = 0. Let b = 34 + k. Calculate the greatest common divisor of b and 52.
13
Let k(t) = -t**3 - 3*t**2 - 4*t + 6. Let r be k(-4). Let w = r - 23. What is the greatest common factor of w and 5?
5
Let m be ((-13)/5 - -1)*-5. Let y(o) = -o**2 + 7*o + 11. Let g be y(8). Suppose m*b - g*b - 275 = 0. What is the greatest common factor of b and 5?
5
Suppose 2*s - 3*s = -5. Let d be (0 - 0)*(-5)/s. Suppose d = 3*o - 8*o + 90. What is the highest common factor of o and 12?
6
Suppose 48 = m - 5*m. Let n = 6 - m. What is the highest common factor of n and 27?
9
Suppose -2*x - i + 3*i + 8 = 0, -2*i - 8 = 0. Suppose -2*a + 33 + 87 = x. What is the greatest common factor of a and 15?
15
Let j be 60/(-14)*(2 - 16). Suppose 0 = b + 4*l - 31, 3 = 3*l - 9. What is the greatest common factor of j and b?
15
Let y be (-1)/((-4)/(-6) + -1). Suppose 11 = y*s - 4. Let h be (-4)/(-1)*s/2. What is the greatest common divisor of h and 80?
10
Suppose 12 = 4*g - 0*g. Let l(r) = -1 - 3*r**2 + 3*r**3 - 4*r**2 - r - 4*r**g. Let y be l(-7). What is the greatest common factor of 6 and y?
6
Let y(p) = p**2 + 4*p + 6. Let a be y(-6). Suppose -5*d = -138 + a. Let l(w) = 6*w - 6. Let b be l(7). Calculate the highest common divisor of b and d.
12
Let g(u) = u**2 - 9*u - 7. Let r be g(10). Suppose 0 = t - r*t - x + 43, -5*x = 2*t - 23. Calculate the highest common divisor of 6 and t.
6
Let z = -32 - -118. What is the greatest common factor of z and 43?
43
Suppose -34 = 17*r - 19*r. Calculate the greatest common factor of r and 17.
17
Suppose -4*j + 0*j = 0. Suppose j = 3*w + b - 116, 5*w = -b + 297 - 101. Calculate the highest common divisor of w and 100.
20
Let o(j) = 4*j**2 + 14*j - 7. Let v be o(-12). Let r = -241 + v. Calculate the greatest common divisor of 20 and r.
20
Suppose 0 = u + 2*u - 6. Suppose -5 = u*w - 3. Let t = w + 6. Calculate the highest common factor of 35 and t.
5
Let n be (-4)/18 + (-16)/(-72). Suppose n = -3*k - 6, 0*k - 34 = -3*i - k. What is the highest common divisor of 96 and i?
12
Let d(n) be the first derivative of 5/3*n**3 - 1/4*n**4 + 0*n + 3/2*n**2 - 1. Let v be d(3). Calculate the greatest common divisor of v and 3.
3
Let k(f) = -f + 1. Let t be k(2). Let n be 11/(3/(-3)*t). Let z = 1 - -10. What is the greatest common divisor of n and z?
11
Let c be (99 - -1)*(-68)/(-85). Calculate the greatest common factor of 16 and c.
16
Suppose 12 = z + 2*i, 2*i + i = 4*z - 26. Let b(d) = 21*d + 1. Let c be b(3). Calculate the highest common divisor of c and z.
8
Suppose -4*r + 23 = -41. Calculate the greatest common divisor of 40 and r.
8
Let m(u) = u - 2. Let r = 9 + -15. Let j be m(r). Let d = -3 - j. Calculate the highest common divisor of d and 35.
5
Let d(r) = r**2 - 2*r + 1. Let j be d(-3). Let v(u) = 2*u + u**3 - 3*u + 5*u**2 - 1 + 4*u. Let b be v(-3). Calculate the greatest common divisor of b and j.
8
Let v(y) = 4*y. Let d be v(-9). Let k = -14 - d. What is the greatest common factor of k and 55?
11
Let g be (0 - -3)/((-39)/26). Let a be (-15)/g + 6/(-4). What is the highest common factor of 15 and a?
3
Let i(c) = 2*c**2 - 7*c - 7. Let u be i(8). What is the greatest common divisor of 26 and u?
13
Let n(a) = 6*a + 2. Let f be n(5). What is the greatest common factor of 48 and f?
16
Suppose -5*o - 3*t = -3, 2*t + 2*t = 4*o - 28. Let c = o - -11. Suppose 4*u - 6*j - 140 = -2*j, 3*j + 140 = 4*u. Calculate the highest common factor of c and u.
7
Suppose 7*h - 148 = 426. What is the highest common factor of 41 and h?
41
Suppose 3*z - 12 = 0, -30 = -2*q - 5*z + 20. What is the highest common divisor of 75 and q?
15
Let o(p) = -3*p - 8. Let u be o(-6). Suppose 0 = -3*w - 0*w - 3. Let z be -2 + 1/(w/(-72)). What is the highest common factor of u and z?
10
Suppose -5*r = -10*r + 80. What is the greatest common factor of 16 and r?
16
Let b be (0 - 2)*(-6 + 5). Suppose 3*r + 0*r + b*h = 8, 0 = h + 5. Calculate the greatest common factor of 9 and r.
3
Let d be (-2)/(-7) - 5/(175/(-130)). What is the greatest common factor of d and 8?
4
Let j = 27 - 21. Suppose 0 = 4*k - 12, -3*i - 4*k + 15 = -2*k. What is the highest common divisor of j and i?
3
Suppose -5*z = 3*f - 4, -z + 2 - 3 = 0. Suppose -5*k - 5*s + 97 = -58, -3*k - 2*s + 95 = 0. Calculate the greatest common factor of k and f.
3
Let a = 44 - 24. Suppose 0 = s + 4*b + 8, 0*s + 4*b = -2*s. What is the greatest common divisor of s and a?
4
Let q(m) = 41*m - 3. Let n be q(-4). Let z = n - -236. Suppose -a = 2*a - z. Calculate the greatest common factor of a and 207.
23
Suppose -4*c - 2 = -2*c. Let o be (2 + -2)*c - -16. What is the highest common divisor of 4 and o?
4
Let q be (-72)/(-20)*10/4. Suppose 2*p - 2*a + 328 = 6*p, 2*p + 2*a - 166 = 0. What is the highest common divisor of p and q?
9
Let l be 92/24 - (-1)/6. Suppose d = -l*d + 285. What is the highest common factor of d and 19?
19
Let l(o) = -33*o. Let k be l(-1). Calculate the highest common factor of k and 165.
33
Let c be (-858)/(-24) + 5/20. What is the highest common divisor of c and 96?
12
Let o(h) = h**3 - 3*h + 3. Let x be o(2). Suppose -z = -i - 2, 5*z - 2*z + x*i = 6. What is the greatest common factor of 2 and z?
2
Let m(x) = -x - 5. Let j be m(-14). Let h = 119 + -56. Calculate the highest common divisor of h and j.
9
Suppose j - 6*j = -325. Calculate the highest common divisor of j and 26.
13
Let h = 8 - 11. Let u(d) = d**2 - 2*d + 3. Let k be u(h). What is the greatest common divisor of k and 45?
9
Let j(h) = -11*h**3 - h**2 + h + 1. Let b be j(-1). What is the greatest common factor of b and 90?
10
Let t(b) = 26*b + 22. Let o be t(8). What is the greatest common factor of o and 10?
10
Let b(f) = f**2 - 4. Let d be b(4). Calculate the highest common divisor of 108 and d.
12
Let t be (-2)/(-10) + (-48)/(-10). Let n(p) = p**3 + 7*p**2 + 3*p + 5. Let i be n(-5). What is the highest common factor of t and i?
5
Suppose 2*a + 9 = -a, 3*a - 90 = -3*z. What is the greatest common divisor of 11 and z?
11
Let h(b) = b**3 + 7*b**2 - 2*b - 12. Let n be h(-7). Calculate the greatest common factor of 6 and n.
2
Let g be ((-1)/2 - 0)*-12. Let i(k) be the third derivative of k**4/12 - k**3/3 + 2*k**2. Let n be i(g). Calculate the highest common divisor of 20 and n.
10
Suppose -2 = l + 4*i - 8, 2*l - 3*i = 1. Suppose 0 = -5*r - 4*f + 136, 27 + 29 = l*r + 2*f. What is the highest common divisor of 120 and r?
24
Let m be 60/7*(-147)/(-2). Suppose 10*f - m = 5*f. Let w be (-8)/(-28) + (-124)/(-7). Calculate the greatest common divisor of f and w.
18
Let a = -23 - -41. Suppose 3*n - 5*b - 33 = -0*n, -2*n = -5*b - 27. What is the greatest common factor of a and n?
6
Suppose c - 2*n - 14 = 0, 3*c - 2*n - 38 = -0*n. Suppose -4*r + r + 69 = 0. Let x be 2 + -4*r/(-2). What is the greatest common divisor of x and c?
12
Suppose 100 = -p + 5*p. What is the highest common divisor of p and 10?
5
Let j = 3 - 1. What is the greatest common divisor of 6 and j?
2
Suppose 0 = 5*i - 4*s - 212, -3*i + 4*s = -0*i - 124. What is the highest common divisor of i and 11?
